07?
49
Calculate the greatest common divisor of 721240 and 141740.
380
What is the highest common divisor of 5692063 and 91?
13
What is the highest common divisor of 4314712 and 94?
2
Calculate the highest common factor of 33951870 and 150.
30
What is the greatest common factor of 28 and 6058066?
14
What is the highest common factor of 874 and 3233018?
46
What is the highest common factor of 119 and 8699869?
17
What is the greatest common factor of 7612 and 206580?
44
What is the greatest common factor of 787728 and 32?
16
What is the greatest common factor of 147668 and 386251?
551
What is the greatest common divisor of 276 and 39348975?
69
What is the highest common divisor of 16245582 and 1158?
1158
What is the highest common factor of 1389 and 11042550?
1389
What is the highest common factor of 4570599 and 95073?
1419
Calculate the highest common divisor of 59045 and 13867.
49
Calculate the highest common factor of 7064058 and 52752.
942
Calculate the greatest common factor of 44651074 and 26.
26
What is the highest common factor of 225564 and 22368?
12
Calculate the greatest common divisor of 3497 and 7215.
13
Calculate the highest common factor of 175915 and 255.
5
Calculate the greatest common factor of 22 and 3120567065.
11
Calculate the greatest common divisor of 144 and 14285456.
16
Calculate the greatest common divisor of 196787 and 11359.
307
What is the greatest common divisor of 11136 and 2656197?
87
What is the highest common factor of 175 and 13459005?
35
What is the highest common divisor of 329 and 41743379?
47
What is the highest common divisor of 33511 and 63686927?
1457
What is the greatest common factor of 538 and 12960151?
269
What is the greatest common divisor of 2569 and 632499?
7
What is the greatest common factor of 54 and 7532883?
9
What is the greatest common factor of 315189350 and 25?
25
What is the highest common divisor of 943572 and 10136?
28
Calculate the greatest common divisor of 582295 and 149471.
917
What is the highest common divisor of 18136 and 734?
2
Calculate the greatest common factor of 43200 and 5298300.
900
What is the highest common factor of 9639609 and 69?
3
What is the greatest common divisor of 27913 and 5864440?
271
Calculate the greatest common factor of 1441024296 and 57.
57
What is the highest common divisor of 99480474 and 46?
46
Calculate the highest common divisor of 438 and 19405882.
146
What is the greatest common divisor of 1710 and 218520?
90
What is the greatest common factor of 1400 and 60046?
14
What is the highest common divisor of 690004 and 25228?
28
Calculate the highest common divisor of 8127629 and 7880.
197
What is the highest common divisor of 3060 and 627660?
180
Calculate the greatest common factor of 5044 and 20764596.
388
What is the greatest common factor of 55993827 and 8169?
1167
What is the greatest common factor of 16960 and 43605220?
1060
Calculate the greatest common divisor of 12606381 and 999.
999
Calculate the highest common factor of 33 and 59957667.
33
Calculate the highest common factor of 279540899 and 1969.
1969
Calculate the highest common divisor of 5087723 and 2462.
1231
What is the highest common factor of 41736143 and 71?
71
Calculate the greatest common divisor of 39176 and 187158443.
4897
What is the greatest common factor of 5110047 and 72?
9
Calculate the greatest common factor of 194436 and 164.
4
Calculate the greatest common factor of 488600 and 100520.
280
Calculate the highest common factor of 354 and 260984140.
118
Calculate the greatest common divisor of 3542810 and 10.
10
What is the highest common factor of 3 and 3589922?
1
What is the greatest common factor of 14576555 and 105?
35
Calculate the highest common factor of 43022 and 148372.
98
What is the greatest common factor of 1908 and 4124884?
212
What is the greatest common factor of 60 and 1175835?
15
What is the highest common divisor of 38709 and 4104327?
1173
What is the greatest common divisor of 66226 and 6?
2
What is the greatest common factor of 4672 and 19855168?
64
What is the highest common factor of 125457288 and 66?
66
Calculate the greatest common factor of 83127759 and 1287.
429
Calculate the greatest common factor of 2190012 and 753786.
3102
Calculate the highest common divisor of 20691 and 12794562.
1881
What is the highest common factor of 4008066 and 55266?
366
What is the highest common factor of 11 and 1739248709?
11
Calculate the highest common factor of 10 and 6010980.
10
What is the greatest common divisor of 419195 and 17405?
295
Calculate the highest common factor of 14169 and 168393842.
4723
What is the highest common divisor of 2046 and 113532?
6
Calculate the highest common factor of 2972 and 75092.
4
Calculate the highest common factor of 152 and 134247141.
19
Calculate the greatest common divisor of 10121 and 2439799.
29
What is the highest common factor of 4220694 and 9729?
423
What is the greatest common factor of 6911175 and 75?
75
Calculate the greatest common factor of 155 and 447981.
31
Calculate the greatest common divisor of 6577363 and 15314.
7657
What is the greatest common divisor of 27350305 and 27745?
895
What is the greatest common factor of 434 and 52111682?
434
Calculate the highest common factor of 44050 and 91042540.
8810
Calculate the greatest common factor of 353322 and 15552.
486
Calculate the highest common divisor of 72072 and 890032.
1144
Calculate the greatest common factor of 35806850 and 50.
50
Calculate the greatest common divisor of 550327 and 924487.
1559
What is the highest common factor of 790 and 7538?
2
What is the highest common divisor of 85768178 and 4701?
1567
Calculate the highest common factor of 189 and 632289.
21
What is the greatest common factor of 1842021 and 162?
81
Calculate the highest common divisor of 12963 and 2167503.
447
Calculate the greatest common divisor of 1890 and 22744890.
630
Calculate the greatest common factor of 469 and 84897911.
469
Calculate the highest common factor of 1313452 and 15799.
427
What is the highest common divisor of 416 and 1057875?
13
What is the greatest common factor of 25394016 and 3072?
96
What is the greatest common divisor of 31540 and 141740?
380
Calculate the highest common divisor of 450432 and 6796872.
1224
Calculate the highest common divisor of 154 and 29646659.
7
What is the greatest common divisor of 43 and 21441649?
43
Calculate the highest common factor of 25293307 and 2639.
377
What is the highest common divisor of 1328438 and 36155?
1033
Calculate the greatest common divisor of 272 and 58220648.
136
Calculate the highest common divisor of 49867011 and 1431.
477
Calculate the greatest common factor of 1349 and 1754293560.
1349
What is the greatest common divisor of 12 and 86554431?
3
Calculate the highest common divisor of 6444 and 3458488356.
6444
Calculate the highest common divisor of 36 and 903764.
4
Calculate the highest common divisor of 1180 and 13465.
5
Calculate the greatest common divisor of 759583 and 7562.
199
What is the highest common divisor of 103040 and 4947760?
1840
What is the greatest common factor of 90848 and 74902?
34
Calculate the greatest common divisor of 1688 and 195028144.
1688
What is the greatest common divisor of 70 and 3749140?
10
Calculate the highest common divisor of 2394 and 9941526.
126
Calculate the greatest common divisor of 7638 and 61729512.
402
What is the greatest common divisor of 1384 and 81992?
8
What is the greatest common divisor of 146 and 247454159?
73
Calculate the greatest common divisor of 453870530 and 1030.
1030
Calculate the greatest common divisor of 33981 and 812160.
141
What is the greatest common factor of 115819608 and 16?
8
Calculate the highest common divisor of 187304 and 278.
2
Calculate the highest common divisor of 2738 and 275564641.
1369
What is the highest common factor of 1568887031 and 327?
109
Calculate the highest common factor of 20222300 and 105.
35
What is the greatest common factor of 27372 and 170520717?
6843
Calculate the highest common factor of 1339890 and 2.
2
What is the highest common factor of 973444 and 1206384?
2452
What is the highest common divisor of 65898240 and 20?
20
What is the highest common divisor of 2430 and 776?
2
What is the highest common divisor o